me number?
False
Is 32927979809 a composite number?
True
Is 4519458451 a prime number?
True
Is 160971926 prime?
False
Is 3469573297 prime?
True
Is 4050931 prime?
True
Is 305459767 a composite number?
True
Is 2747466347 prime?
True
Is 2142188549 prime?
False
Is 9158460713 composite?
True
Is 796382474 a composite number?
True
Is 1199498381 composite?
False
Is 172620441427 prime?
False
Is 23492087923 prime?
False
Is 36917749483 prime?
False
Is 8908401647 a composite number?
False
Is 4222037837 a prime number?
True
Is 9973853489 prime?
True
Is 341080963 a prime number?
False
Is 1789959749 composite?
True
Is 543525107 prime?
True
Is 2234370301 composite?
True
Is 8410589443 a composite number?
False
Is 97675891 a prime number?
True
Is 151478541943 prime?
True
Is 6525592741 a prime number?
True
Is 10577200889 a composite number?
True
Is 17733400357 composite?
False
Is 45725885069 composite?
True
Is 2373017701 composite?
True
Is 155756435 composite?
True
Is 4243055197 prime?
True
Is 1726398887 composite?
False
Is 14862850307 a prime number?
True
Is 23105851907 a prime number?
False
Is 2617047077 prime?
False
Is 26861073491 prime?
False
Is 67030958441 a composite number?
False
Is 7719092657 a composite number?
False
Is 878463479 composite?
False
Is 1038229723 a composite number?
False
Is 991783363 a composite number?
True
Is 80762687 prime?
False
Is 58842344219 a composite number?
False
Is 4775480917 a composite number?
True
Is 6002046343 a composite number?
True
Is 77105027759 prime?
True
Is 40334138717 a composite number?
True
Is 20712871027 composite?
False
Is 1305398165 a prime number?
False
Is 5407757039 prime?
True
Is 72852686471 a prime number?
False
Is 3745901597 a composite number?
True
Is 122202498133 prime?
False
Is 18236210893 a composite number?
True
Is 2725450121 prime?
True
Is 25989719711 a prime number?
False
Is 2975205487 a composite number?
False
Is 66594732377 a prime number?
True
Is 359993177 composite?
True
Is 1838819309 a prime number?
True
Is 33872160101 prime?
False
Is 788952247 prime?
False
Is 9718477798 prime?
False
Is 12618284201 composite?
False
Is 5526047 prime?
False
Is 312819253 a prime number?
True
Is 48374347223 prime?
True
Is 5470786667 prime?
True
Is 89796177781 a composite number?
False
Is 5741519866 a prime number?
False
Is 469173443 composite?
False
Is 39385297433 prime?
True
Is 1171587763 composite?
False
Is 1832256947 a composite number?
True
Is 10499503811 composite?
False
Is 26456623129 composite?
False
Is 48890431741 prime?
True
Is 1652485827 prime?
False
Is 480821909 a prime number?
True
Is 5188981493 a composite number?
True
Is 1413024407 composite?
False
Is 18469243789 a composite number?
True
Is 1102338719 a prime number?
True
Is 693175589 a prime number?
True
Is 21724444829 composite?
False
Is 167764811 composite?
False
Is 266018705 a prime number?
False
Is 1211711119 composite?
True
Is 10347724213 a composite number?
False
Is 1118088519 a composite number?
True
Is 1767080681 prime?
True
Is 8219779954 a prime number?
False
Is 16315938178 a composite number?
True
Is 1712171326 a composite number?
True
Is 302384393 prime?
True
Is 472059659 a composite number?
True
Is 13182694351 a prime number?
True
Is 149749423 a composite number?
False
Is 420346463 a composite number?
False
Is 2100482899 prime?
True
Is 132918661127 a composite number?
True
Is 569173377 prime?
False
Is 15972951649 a prime number?
True
Is 815790247 a prime number?
False
Is 31669139 a prime number?
True
Is 446697191 a composite number?
True
Is 4670971439 composite?
False
Is 38038257559 composite?
False
Is 75963557743 a prime number?
True
Is 7143979013 prime?
False
Is 43218385867 prime?
True
Is 38356974947 a composite number?
False
Is 10042415377 a composite number?
False
Is 27021395559 a composite number?
True
Is 78549833789 a composite number?
True
Is 856367041 a prime number?
False
Is 961013761 composite?
True
Is 35487582037 composite?
False
Is 10470932891 a prime number?
False
Is 12460461941 a composite number?
True
Is 3055990367 prime?
True
Is 275394751 a composite number?
True
Is 3278726159 composite?
False
Is 2287153621 a prime number?
False
Is 41695891 composite?
False
Is 647474309 prime?
True
Is 2747260817 a composite number?
True
Is 4372103573 a composite number?
True
Is 122739450661 a composite number?
False
Is 13454957561 prime?
True
Is 1406111271 a prime number?
False
Is 87414670081 composite?
False
Is 561675997 a composite number?
True
Is 39340758927 a composite number?
True
Is 66409943 prime?
True
Is 123341 a composite number?
False
Is 10236697 prime?
True
Is 118562991095 composite?
True
Is 2277577417 a prime number?
False
Is 226588961 a prime number?
True
Is 120644873 a composite number?
True
Is 321323141 a prime number?
True
Is 4023753869 a prime number?
False
Is 195657733 a composite number?
True
Is 2263609079 a composite number?
False
Is 422341597 composite?
False
Is 15881291039 a prime number?
False
Is 233048993 a prime number?
True
Is 126601063 composite?
False
Is 93862943 a composite number?
True
Is 487751161 a prime number?
False
Is 53937101233 prime?
False
Is 249674281163 composite?
False
Is 12970686893 prime?
True
Is 237036227 prime?
False
Is 764589587 composite?
True
Is 23896554223 a prime number?
True
Is 188667821 prime?
True
Is 23768253083 a composite number?
False
Is 52953163871 prime?
True
Is 1399264847 prime?
True
Is 9542991163 prime?
True
Is 2024026271 composite?
False
Is 31780743559 a prime number?
True
Is 2959922981 prime?
False
Is 754071343 a prime number?
False
Is 512212649 a prime number?
False
Is 5140307521 prime?
False
Is 22724236927 composite?
True
Is 696816709 a prime number?
True
Is 723106187 composite?
False
Is 7175067877 composite?
False
Is 2262275011 a prime number?
True
Is 40127283397 prime?
True
Is 46372290407 a composite number?
False
Is 2505152081 a composite number?
True
Is 124917823 prime?
False
Is 410438297 a prime number?
True
Is 5087754011 a prime number?
False
Is 3611998319 composite?
True
Is 110911906013 composite?
False
Is 3741112499 prime?
True
Is 23284177991 a composite number?
True
Is 3656072627 prime?
True
Is 22537929347 composite?
False
Is 889611731 prime?
False
Is 7795000307 a prime number?
True
Is 4214495073 a prime number?
False
Is 6003461423 a prime number?
False
Is 12833152693 a composite number?
False
Is 9137586361 a prime number?
True
Is 364661365781 composite?
False
Is 12498480793 a composite number?
True
Is 45402515963 a composite number?
True
Is 3497251873 a composite number?
False
Is 410005511 composite?
False
Is 1506571027 a prime number?
False
Is 568917871 a composite number?
False
Is 157867363 prime?
True
Is 2346852829 a prime number?
True
Is 1134634013 composite?
False
Is 23659751173 composite?
True
Is 292439843 composite?
False
Is 3263297417 a composite number?
False
Is 11871319937 prime?
True
Is 15824451365 prime?
False
Is 7807776071 composite?
False
Is 431454097 a composite number?
False
Is 3861500411 a composite number?
True
Is 25991704051 prime?
True
Is 10476225833 a prime number?
False
Is 7488098011 composite?
True
Is 832598189 a prime number?
True
Is 267138537815 composite?
True
Is 2526621763 prime?
False
Is 74296301 composite?
True
Is 100049143 composite?
True
Is 8929545893 composite?
False
Is 815729981 prime?
False
Is 3793087687 a composite number?
False
Is 8700556547 a prime number?
False
Is 2740044347 a prime number?
True
Is 5212371077 prime?
False
Is 3818806399 composite?
False
Is 12632419529 composite?
True
Is 146247529 a composite number?
False
Is 24935705551 composite?
False
Is 15271938041 composite?
False
Is 526516987 a composite number?
False
Is 14431607891 a composite number?
False
Is 11161673903 a composite number?
True
Is 14867671678 composite?
True
Is 175812661 a composite number?
False
Is 1896131702 prime?
False
Is 10616614213 composite?
False
Is 12829800733 a composite number?
False
Is 955282571 composite?
True
Is 1402634591 a prime number?
False
Is 700447879 a composite number?
True
Is 1980915617 a composite number?
True
Is 63017567695 composite?
True
Is 389705321 composite?
True
Is 731574421 composite?
True
Is 6834464359 composite?
False
Is 35163106109 prime?
True
Is 74777477513 prime?
True
Is 23055603773 composite?
True
Is 37101821 comp